What is the units digit of p(0)?
0
Let c = 2332 - 2043. What is the hundreds digit of c?
2
Let x(z) = z - 35. Let s be x(17). What is the units digit of ((-6)/(-54) - 2842/s) + -4?
4
What is the hundreds digit of ((-1620)/135)/((-143)/70 - -2)?
2
Let v be (-10)/((-3 + 2)*-1). Let m be -1*(0 + -1 - -38). Let x = v - m. What is the units digit of x?
7
What is the units digit of (-3 + 2)*-6 - (-15 - -14)?
7
Let c(m) = 3*m + 13. Let i be c(8). Suppose 0*q + 2*q - 17 = r, -4*q - r = -i. What is the units digit of q?
9
Let p(g) = 21*g + 1. Let y be p(7). Let f = 268 - y. What is the hundreds digit of f?
1
Let c(h) = 2*h**2 - 2*h + 13. Let b(v) = -2*v**2 + 2*v - 12. Let t(s) = -6*b(s) - 5*c(s). What is the tens digit of t(3)?
1
Suppose 0 = -4*w + 5 - 1. Let r = w - -1. Suppose -2*j = f - 52, -j - 4*j - r*f + 131 = 0. What is the tens digit of j?
2
Let i = 7 - 10. Let r be i/(-1 + (-1)/2). Suppose 5*h = r*h + 3. What is the units digit of h?
1
Let n(p) = 252*p - 45. What is the units digit of n(4)?
3
Let o = 1654 + -692. What is the hundreds digit of o?
9
Let d(a) = -13*a - 19. Let m(o) = 51*o + 77. Let k(z) = 9*d(z) + 2*m(z). Suppose 2*s + 20 = 8. What is the tens digit of k(s)?
7
What is the units digit of 1 - ((-16)/(-24))/((-12)/1494)?
4
Suppose -1 = -v + 1. Let u be (1 + v - 3)/(-2). Suppose u = 5*g - 27 + 2. What is the units digit of g?
5
Let i be ((-4)/5)/((-14)/(-35)). Let b be (i/4)/(4/16). What is the units digit of 24*(-4)/12*b?
6
Let b = 9679 - 6643. What is the hundreds digit of b?
0
Suppose 33*r = 36*r - 363. What is the tens digit of r?
2
Suppose 2*g = 6, -h + 5*h - 29 = -3*g. Suppose h*z = 1311 - 211. What is the tens digit of z?
2
What is the units digit of (480/(-25))/((-5)/25)?
6
Suppose 5*j = -y - 4 + 3, 3*j = 3*y - 15. Suppose -y*b + 1009 = -5*k, -b + 5*b = -2*k + 974. What is the units digit of b?
6
Let m = -2 - -4. Suppose 3*r = 4*f - m*f + 21, -r - 2*f = 1. Let c = 25 - r. What is the tens digit of c?
2
Let v = 72 - 65. Suppose 0 = q + v*y - 2*y - 223, -2*q + 3*y + 485 = 0. What is the hundreds digit of q?
2
Suppose -51*g = -46*g + 440. What is the tens digit of (-3 - (-15)/10)*g?
3
Let j be 1/3 + (-40)/(-15). Suppose -j*k - 27 = 4*c, k - 35 = 5*c + 6*k. What is the tens digit of c/(-10) - 1120/(-50)?
2
What is the units digit of 4/38 - 79868/(-76)?
1
Let a = 6590 + -2810. What is the tens digit of a?
8
Let n = 648 - 601. What is the units digit of n?
7
Suppose -37*w + 6329 = -48209. What is the thousands digit of w?
1
Let d = 402 + -346. What is the tens digit of d?
5
Suppose 26*c = 16*c + 30. What is the units digit of (-350)/c*(-18)/12?
5
Let z = 3132 + -182. What is the thousands digit of z?
2
Suppose -6 = 3*k - 6*k. Let h = -52 - -54. Suppose -k*n - h + 10 = 0. What is the units digit of n?
4
Suppose 3*u = -5*j + 7, 5*u - 3 = -3*j + 2*u. Suppose -j*r - 7 = -3*r. What is the units digit of r?
7
Suppose -2*a = 5*g - 1709, a = 5*g - 725 - 993. What is the tens digit of g?
4
Let x(g) be the second derivative of -2*g**3/3 + 13*g**2/2 + 12*g. What is the tens digit of x(-9)?
4
Suppose -1601 = -2*b + 455. What is the tens digit of b?
2
Suppose -x + 577 = 5*m + x, 0 = 5*m - 3*x - 597. What is the tens digit of m?
1
Suppose 4*r = -i, 3*i + 5*r = 7 + 7. Suppose 2*a = -2*h - 6, 5*h = -a - 3 + i. Suppose h*v - 30 - 12 = 0. What is the tens digit of v?
2
Let q = -5998 + 12173. What is the units digit of q?
5
Let j(b) = -4*b + 105. What is the tens digit of j(-13)?
5
Let h(o) = 87*o**2 + 2*o - 1. Suppose -3*i + 4 = -4*p + 1, 0 = -5*p. What is the tens digit of h(i)?
8
Let a = 1909 + -789. What is the hundreds digit of a?
1
Let f(a) = -a**2 - 10*a - 9. Let h be -2 + 1/((-3)/18). Let q be f(h). Suppose -g - 4*b = 10, 0*g + b + q = 2*g. What is the units digit of g?
2
Suppose 0*k = -5*k. Let m = k - -3. Suppose 0*o = m*o - 4*l - 57, -24 = -2*o - 2*l. What is the units digit of o?
5
Let d(r) = 280*r**2 - 24*r - 43. What is the units digit of d(-2)?
5
Let g(x) = 30*x**3 + 3*x**2 - 2*x - 4. What is the tens digit of g(2)?
4
Let j(v) = -52*v - 280. What is the hundreds digit of j(-35)?
5
Suppose 0 = -5*z - 3 - 2, n - 2*z - 805 = 0. What is the hundreds digit of n?
8
Let u(w) = 19*w**2 + 2*w + 4. Let v be u(2). Suppose v + 8 = y. What is the units digit of y?
2
Let z = 68 - 63. Suppose -p = z*p - 702. What is the tens digit of p?
1
Suppose 0 = 24*s - 21*s + 48. Let a(r) = -5*r - 24. What is the tens digit of a(s)?
5
Let x(z) = z**3 + 5*z**2 - z - 17. Let l be x(-4). Let h = -74 + 110. Suppose -2*g = -l*g + h. What is the tens digit of g?
3
Suppose 3*g = i - 15, -i - 2*g - 1 = -g. Let o(a) = -a**3 + 2*a**2 - 2*a + 4. Let k be o(i). Let z(x) = x**2 + 11*x + 13. What is the tens digit of z(k)?
1
Suppose -43 = -4*v - 5*r + 4*r, 0 = -3*r - 3. What is the tens digit of v?
1
Let w(v) = -v**2 - 3*v + 4. Let s be w(-4). Let f(l) = -2*l**2 - 2*l - 2. Let m(d) = d**2 + d + 2. Let b(z) = 2*f(z) + 3*m(z). What is the units digit of b(s)?
2
Let h(n) = -15*n + 8. Let p be h(-7). Let w(y) = y**2 - 28*y - 54. Let d be w(28). Let a = p + d. What is the tens digit of a?
5
Let j = -752 - -1148. What is the units digit of j?
6
Suppose -15*w = -30*w + 25860. What is the units digit of w?
4
Let m(l) = l**2 - 10*l - 11. Let u be m(7). What is the units digit of (-4 + 6 - 0)/((-2)/u)?
2
Suppose 482 - 127 = 5*b. Let z(h) = -h**2 + h - 21. Let q be z(0). Let j = q + b. What is the tens digit of j?
5
Suppose 0 = v + 2*w - 7, -v + 4*w = 2 + 9. Let y be 20/v - (0 + 0). What is the tens digit of -1 + -1 + (y - -1)?
1
Suppose 0*i = 4*i - 3260. Suppose 263 = -6*g + i. Suppose g = 2*t + 14. What is the tens digit of t?
3
Suppose q - 163 = -51. Suppose x = -3*x + q. Suppose -3*d = -82 + x. What is the units digit of d?
8
Let h be (816/170)/(1/(-20)). Let u = h - -118. What is the units digit of u?
2
Let w be (50/(-3))/(10*(-7)/(-1785)). Let v = w + 668. What is the hundreds digit of v?
2
What is the tens digit of -19*6*(-50)/20?
8
Suppose -2*q + 9 - 5 = 0. Suppose -2*g - 7 = -5*m, -4*g + 0*g + 5*m = -1. Let f = g + q. What is the units digit of f?
6
Let w(k) = -8*k**3 - 9*k**2 - 7*k - 13. What is the thousands digit of w(-6)?
1
Let u = -5 - -5. Suppose -130 = -5*y - u*y. Let b = y - -23. What is the tens digit of b?
4
Suppose -4*w - 5*l - 182 - 276 = 0, 2*w + 216 = 4*l. What is the tens digit of -11 - -11 - w/2?
5
Let p = 518 - 158. Suppose 11*a - 17*a = -p. What is the units digit of a?
0
Let t be 3/(-6) + 2/4. Suppose t = h - 9*h + 160. What is the tens digit of h?
2
Let i(q) = 2*q. Let l be i(1). Suppose 34 = l*h - h. Suppose 40 = 2*t - h. What is the units digit of t?
7
Let i(z) be the second derivative of z + 0 + 0*z**2 + 5/12*z**4 - 1/6*z**3. What is the units digit of i(1)?
4
Let c = 74 + -41. Let f = c + -1. What is the units digit of f?
2
Let o(a) = -a**2 - 5*a + 8. Let t be o(-6). Suppose -5*u + m = 2*m - 88, -m = t. What is the units digit of u?
8
Let a be (-5)/25 + 261/5. What is the units digit of 8/a + (-345)/(-39)?
9
Let r = 537 - -128. What is the units digit of r?
5
Let k = 17 + -10. Suppose -3*u + 3 = 0, 2*s + 3*u - k = 4*u. Let n(i) = -i**2 + 7*i - 6. What is the units digit of n(s)?
6
Let f be (2 - 1)/(3/39). Let w = -2 + f. Suppose 4*s - 5*a - 60 = w, s + 5*a - 24 = 0. What is the tens digit of s?
1
Let k(d) = 6*d + 25 - 2*d - 2*d - 1. What is the tens digit of k(-7)?
1
Let a(z) = -z - 7. Let l be a(-8). Let g(d) = 3*d**3 + d**2. Let r be g(l). Suppose f - 41 = 4*k + r, 3*f - 121 = -2*k. What is the tens digit of f?
4
Let n = 59 - 56. Suppose -6*h + n*h + 557 = -s, -5*h = s - 931. What is the hundreds digit of h?
1
Let b(m) = -m**2 - 35*m - 84. What is the hundreds digit of b(-14)?
2
Let q = -506 - -1216. What is the tens digit of q?
1
Suppose 114*r = 78154 + 45194. What is the units digit of r?
2
Let o(v) = 22*v**2 + 5*v + 26. What is the hundreds digit of o(-11)?
6
Suppose 2*o = 10720 - 952. What is the thousands digit of o?
4
Suppose 0 = 16*m - 11*m - 15. What is the tens digit of (m*(-412)/(-48))/(1/4)?
0
Let k(f) = 153*f + 4. What is the hundreds digit of k(5)?
7
Let x(n) = -819*n - 469. What is the hundreds digit of x(-4)?
8
Suppose 2*q - 207 = 89. Suppose q = -7*g + 9*g. What is the units digit of g?
4
Suppose 0*c = -c + 4*l - 1, 2*l - 11 = -c. 